{"id":1311,"date":"2018-09-09T20:43:28","date_gmt":"2018-09-09T19:43:28","guid":{"rendered":"http:\/\/www.b-a-bois.com\/?post_type=portfolio&#038;p=1311"},"modified":"2018-09-22T17:30:03","modified_gmt":"2018-09-22T16:30:03","slug":"charpente-bois-a-audierne","status":"publish","type":"portfolio","link":"http:\/\/www.b-a-bois.com\/index.php\/portfolio\/charpente-bois-a-audierne\/","title":{"rendered":"Charpente bois \u00e0 Audierne"},"content":{"rendered":"<p><strong>Charpente bois \u00e0 Audierne dans le Finist\u00e8re.<\/strong><br \/>\nR\u00c9NOVATION.\u00a0Coup de jeune pour cette maison \u00e0 Audierne.<br \/>\nD\u00e9molition et remise \u00e0 neuf des deux planchers d&rsquo;\u00e9tage,<br \/>\nr\u00e9alisation d&rsquo;un empoutrement apparent avec assemblages en queues d&rsquo;arondes.<br \/>\nCr\u00e9ation de chev\u00eatres de Velux, r\u00e9hausse des entraits et renforcement de la charpente.<\/p>\n<p>Architecte<u> Laura Palacio Tyerra architectes<\/u><\/p>\n","protected":false},"excerpt":{"rendered":"<p>Charpente bois \u00e0 Audierne dans le Finist\u00e8re. R\u00c9NOVATION.\u00a0Coup de jeune pour cette maison \u00e0 Audierne. D\u00e9molition et remise \u00e0 neuf des deux planchers d&rsquo;\u00e9tage, r\u00e9alisation d&rsquo;un empoutrement apparent avec assemblages en queues d&rsquo;arondes. Cr\u00e9ation de chev\u00eatres de Velux, r\u00e9hausse des entraits et renforcement de la charpente. Architecte Laura Palacio Tyerra architectes<\/p>\n","protected":false},"author":1,"featured_media":1312,"comment_status":"closed","ping_status":"closed","template":"","meta":[],"portfolio_category":[73],"portfolio_tag":[],"acf":[],"yoast_head":"<!-- This site is optimized with the Yoast SEO plugin v20.1 - https:\/\/yoast.com\/wordpress\/plugins\/seo\/ -->\n<title>Charpente bois \u00e0 Audierne - B \u00e0 bois<\/title>\n<meta name=\"robots\" content=\"index, follow, max-snippet:-1, max-image-preview:large, max-video-preview:-1\" \/>\n<link rel=\"canonical\" href=\"http:\/\/www.b-a-bois.com\/index.php\/portfolio\/charpente-bois-a-audierne\/\" \/>\n<meta property=\"og:locale\" content=\"fr_FR\" \/>\n<meta property=\"og:type\" content=\"article\" \/>\n<meta property=\"og:title\" content=\"Charpente bois \u00e0 Audierne - B \u00e0 bois\" \/>\n<meta property=\"og:description\" content=\"Charpente bois \u00e0 Audierne dans le Finist\u00e8re. R\u00c9NOVATION.\u00a0Coup de jeune pour cette maison \u00e0 Audierne. D\u00e9molition et remise \u00e0 neuf des deux planchers d&rsquo;\u00e9tage, r\u00e9alisation d&rsquo;un empoutrement apparent avec assemblages en queues d&rsquo;arondes. Cr\u00e9ation de chev\u00eatres de Velux, r\u00e9hausse des entraits et renforcement de la charpente. Architecte Laura Palacio Tyerra architectes\" \/>\n<meta property=\"og:url\" content=\"http:\/\/www.b-a-bois.com\/index.php\/portfolio\/charpente-bois-a-audierne\/\" \/>\n<meta property=\"og:site_name\" content=\"B \u00e0 bois\" \/>\n<meta property=\"article:publisher\" content=\"https:\/\/www.facebook.com\/B-%c3%a0-bois-207135653042018\/\" \/>\n<meta property=\"article:modified_time\" content=\"2018-09-22T16:30:03+00:00\" \/>\n<meta property=\"og:image\" content=\"http:\/\/www.b-a-bois.com\/wp-content\/uploads\/2018\/09\/b-a-bois-charpente-audierne-01.jpg\" \/>\n\t<meta property=\"og:image:width\" content=\"1500\" \/>\n\t<meta property=\"og:image:height\" content=\"842\" \/>\n\t<meta property=\"og:image:type\" content=\"image\/jpeg\" \/>\n<meta name=\"twitter:card\" content=\"summary_large_image\" \/>\n<script type=\"application\/ld+json\" class=\"yoast-schema-graph\">{\"@context\":\"https:\/\/schema.org\",\"@graph\":[{\"@type\":\"WebPage\",\"@id\":\"http:\/\/www.b-a-bois.com\/index.php\/portfolio\/charpente-bois-a-audierne\/\",\"url\":\"http:\/\/www.b-a-bois.com\/index.php\/portfolio\/charpente-bois-a-audierne\/\",\"name\":\"Charpente bois \u00e0 Audierne - B \u00e0 bois\",\"isPartOf\":{\"@id\":\"http:\/\/www.b-a-bois.com\/#website\"},\"datePublished\":\"2018-09-09T19:43:28+00:00\",\"dateModified\":\"2018-09-22T16:30:03+00:00\",\"breadcrumb\":{\"@id\":\"http:\/\/www.b-a-bois.com\/index.php\/portfolio\/charpente-bois-a-audierne\/#breadcrumb\"},\"inLanguage\":\"fr-FR\",\"potentialAction\":[{\"@type\":\"ReadAction\",\"target\":[\"http:\/\/www.b-a-bois.com\/index.php\/portfolio\/charpente-bois-a-audierne\/\"]}]},{\"@type\":\"BreadcrumbList\",\"@id\":\"http:\/\/www.b-a-bois.com\/index.php\/portfolio\/charpente-bois-a-audierne\/#breadcrumb\",\"itemListElement\":[{\"@type\":\"ListItem\",\"position\":1,\"name\":\"Accueil\",\"item\":\"http:\/\/www.b-a-bois.com\/\"},{\"@type\":\"ListItem\",\"position\":2,\"name\":\"Portfolio\",\"item\":\"http:\/\/www.b-a-bois.com\/index.php\/portfolio\/\"},{\"@type\":\"ListItem\",\"position\":3,\"name\":\"Charpente bois \u00e0 Audierne\"}]},{\"@type\":\"WebSite\",\"@id\":\"http:\/\/www.b-a-bois.com\/#website\",\"url\":\"http:\/\/www.b-a-bois.com\/\",\"name\":\"B \u00e0 bois\",\"description\":\"Maisons et charpentes bois, Quimper, Finist\u00e8re\",\"publisher\":{\"@id\":\"http:\/\/www.b-a-bois.com\/#organization\"},\"potentialAction\":[{\"@type\":\"SearchAction\",\"target\":{\"@type\":\"EntryPoint\",\"urlTemplate\":\"http:\/\/www.b-a-bois.com\/?s={search_term_string}\"},\"query-input\":\"required name=search_term_string\"}],\"inLanguage\":\"fr-FR\"},{\"@type\":\"Organization\",\"@id\":\"http:\/\/www.b-a-bois.com\/#organization\",\"name\":\"B \u00e0 bois\",\"url\":\"http:\/\/www.b-a-bois.com\/\",\"logo\":{\"@type\":\"ImageObject\",\"inLanguage\":\"fr-FR\",\"@id\":\"http:\/\/www.b-a-bois.com\/#\/schema\/logo\/image\/\",\"url\":\"http:\/\/www.b-a-bois.com\/wp-content\/uploads\/2016\/10\/logo-b-a-bois-250px.jpg\",\"contentUrl\":\"http:\/\/www.b-a-bois.com\/wp-content\/uploads\/2016\/10\/logo-b-a-bois-250px.jpg\",\"width\":246,\"height\":120,\"caption\":\"B \u00e0 bois\"},\"image\":{\"@id\":\"http:\/\/www.b-a-bois.com\/#\/schema\/logo\/image\/\"},\"sameAs\":[\"https:\/\/www.facebook.com\/B-\u00e0-bois-207135653042018\/\"]}]}<\/script>\n<!-- \/ Yoast SEO plugin. -->","yoast_head_json":{"title":"Charpente bois \u00e0 Audierne - B \u00e0 bois","robots":{"index":"index","follow":"follow","max-snippet":"max-snippet:-1","max-image-preview":"max-image-preview:large","max-video-preview":"max-video-preview:-1"},"canonical":"http:\/\/www.b-a-bois.com\/index.php\/portfolio\/charpente-bois-a-audierne\/","og_locale":"fr_FR","og_type":"article","og_title":"Charpente bois \u00e0 Audierne - B \u00e0 bois","og_description":"Charpente bois \u00e0 Audierne dans le Finist\u00e8re. R\u00c9NOVATION.\u00a0Coup de jeune pour cette maison \u00e0 Audierne. D\u00e9molition et remise \u00e0 neuf des deux planchers d&rsquo;\u00e9tage, r\u00e9alisation d&rsquo;un empoutrement apparent avec assemblages en queues d&rsquo;arondes. Cr\u00e9ation de chev\u00eatres de Velux, r\u00e9hausse des entraits et renforcement de la charpente. Architecte Laura Palacio Tyerra architectes","og_url":"http:\/\/www.b-a-bois.com\/index.php\/portfolio\/charpente-bois-a-audierne\/","og_site_name":"B \u00e0 bois","article_publisher":"https:\/\/www.facebook.com\/B-%c3%a0-bois-207135653042018\/","article_modified_time":"2018-09-22T16:30:03+00:00","og_image":[{"width":1500,"height":842,"url":"http:\/\/www.b-a-bois.com\/wp-content\/uploads\/2018\/09\/b-a-bois-charpente-audierne-01.jpg","type":"image\/jpeg"}],"twitter_card":"summary_large_image","schema":{"@context":"https:\/\/schema.org","@graph":[{"@type":"WebPage","@id":"http:\/\/www.b-a-bois.com\/index.php\/portfolio\/charpente-bois-a-audierne\/","url":"http:\/\/www.b-a-bois.com\/index.php\/portfolio\/charpente-bois-a-audierne\/","name":"Charpente bois \u00e0 Audierne - B \u00e0 bois","isPartOf":{"@id":"http:\/\/www.b-a-bois.com\/#website"},"datePublished":"2018-09-09T19:43:28+00:00","dateModified":"2018-09-22T16:30:03+00:00","breadcrumb":{"@id":"http:\/\/www.b-a-bois.com\/index.php\/portfolio\/charpente-bois-a-audierne\/#breadcrumb"},"inLanguage":"fr-FR","potentialAction":[{"@type":"ReadAction","target":["http:\/\/www.b-a-bois.com\/index.php\/portfolio\/charpente-bois-a-audierne\/"]}]},{"@type":"BreadcrumbList","@id":"http:\/\/www.b-a-bois.com\/index.php\/portfolio\/charpente-bois-a-audierne\/#breadcrumb","itemListElement":[{"@type":"ListItem","position":1,"name":"Accueil","item":"http:\/\/www.b-a-bois.com\/"},{"@type":"ListItem","position":2,"name":"Portfolio","item":"http:\/\/www.b-a-bois.com\/index.php\/portfolio\/"},{"@type":"ListItem","position":3,"name":"Charpente bois \u00e0 Audierne"}]},{"@type":"WebSite","@id":"http:\/\/www.b-a-bois.com\/#website","url":"http:\/\/www.b-a-bois.com\/","name":"B \u00e0 bois","description":"Maisons et charpentes bois, Quimper, Finist\u00e8re","publisher":{"@id":"http:\/\/www.b-a-bois.com\/#organization"},"potentialAction":[{"@type":"SearchAction","target":{"@type":"EntryPoint","urlTemplate":"http:\/\/www.b-a-bois.com\/?s={search_term_string}"},"query-input":"required name=search_term_string"}],"inLanguage":"fr-FR"},{"@type":"Organization","@id":"http:\/\/www.b-a-bois.com\/#organization","name":"B \u00e0 bois","url":"http:\/\/www.b-a-bois.com\/","logo":{"@type":"ImageObject","inLanguage":"fr-FR","@id":"http:\/\/www.b-a-bois.com\/#\/schema\/logo\/image\/","url":"http:\/\/www.b-a-bois.com\/wp-content\/uploads\/2016\/10\/logo-b-a-bois-250px.jpg","contentUrl":"http:\/\/www.b-a-bois.com\/wp-content\/uploads\/2016\/10\/logo-b-a-bois-250px.jpg","width":246,"height":120,"caption":"B \u00e0 bois"},"image":{"@id":"http:\/\/www.b-a-bois.com\/#\/schema\/logo\/image\/"},"sameAs":["https:\/\/www.facebook.com\/B-\u00e0-bois-207135653042018\/"]}]}},"_links":{"self":[{"href":"http:\/\/www.b-a-bois.com\/index.php\/wp-json\/wp\/v2\/portfolio\/1311"}],"collection":[{"href":"http:\/\/www.b-a-bois.com\/index.php\/wp-json\/wp\/v2\/portfolio"}],"about":[{"href":"http:\/\/www.b-a-bois.com\/index.php\/wp-json\/wp\/v2\/types\/portfolio"}],"author":[{"embeddable":true,"href":"http:\/\/www.b-a-bois.com\/index.php\/wp-json\/wp\/v2\/users\/1"}],"replies":[{"embeddable":true,"href":"http:\/\/www.b-a-bois.com\/index.php\/wp-json\/wp\/v2\/comments?post=1311"}],"version-history":[{"count":4,"href":"http:\/\/www.b-a-bois.com\/index.php\/wp-json\/wp\/v2\/portfolio\/1311\/revisions"}],"predecessor-version":[{"id":1360,"href":"http:\/\/www.b-a-bois.com\/index.php\/wp-json\/wp\/v2\/portfolio\/1311\/revisions\/1360"}],"wp:featuredmedia":[{"embeddable":true,"href":"http:\/\/www.b-a-bois.com\/index.php\/wp-json\/wp\/v2\/media\/1312"}],"wp:attachment":[{"href":"http:\/\/www.b-a-bois.com\/index.php\/wp-json\/wp\/v2\/media?parent=1311"}],"wp:term":[{"taxonomy":"portfolio_category","embeddable":true,"href":"http:\/\/www.b-a-bois.com\/index.php\/wp-json\/wp\/v2\/portfolio_category?post=1311"},{"taxonomy":"portfolio_tag","embeddable":true,"href":"http:\/\/www.b-a-bois.com\/index.php\/wp-json\/wp\/v2\/portfolio_tag?post=1311"}],"curies":[{"name":"wp","href":"https:\/\/api.w.org\/{rel}","templated":true}]}}

Charpente bois à Audierne

<p><strong>Charpente bois à Audierne dans le Finistère.</strong><br />
RÉNOVATION. Coup de jeune pour cette maison à Audierne.<br />
Démolition et remise à neuf des deux planchers d&rsquo;étage,<br />
réalisation d&rsquo;un empoutrement apparent avec assemblages en queues d&rsquo;arondes.<br />
Création de chevêtres de Velux, réhausse des entraits et renforcement de la charpente.</p>
<p>Architecte<u> Laura Palacio Tyerra architectes</u></p>

<p>Charpente bois à Audierne dans le Finistère. RÉNOVATION. Coup de jeune pour cette maison à Audierne. Démolition et remise à neuf des deux planchers d&rsquo;étage, réalisation d&rsquo;un empoutrement apparent avec assemblages en queues d&rsquo;arondes. Création de chevêtres de Velux, réhausse des entraits et renforcement de la charpente. Architecte Laura Palacio Tyerra architectes</p>

<!-- This site is optimized with the Yoast SEO plugin v20.1 - https://yoast.com/wordpress/plugins/seo/ -->
<title>Charpente bois à Audierne - B à bois</title>
<meta name="robots" content="index, follow, max-snippet:-1, max-image-preview:large, max-video-preview:-1" />
<link rel="canonical" href="http://www.b-a-bois.com/index.php/portfolio/charpente-bois-a-audierne/" />
<meta property="og:locale" content="fr_FR" />
<meta property="og:type" content="article" />
<meta property="og:title" content="Charpente bois à Audierne - B à bois" />
<meta property="og:description" content="Charpente bois à Audierne dans le Finistère. RÉNOVATION. Coup de jeune pour cette maison à Audierne. Démolition et remise à neuf des deux planchers d&rsquo;étage, réalisation d&rsquo;un empoutrement apparent avec assemblages en queues d&rsquo;arondes. Création de chevêtres de Velux, réhausse des entraits et renforcement de la charpente. Architecte Laura Palacio Tyerra architectes" />
<meta property="og:url" content="http://www.b-a-bois.com/index.php/portfolio/charpente-bois-a-audierne/" />
<meta property="og:site_name" content="B à bois" />
<meta property="article:publisher" content="https://www.facebook.com/B-%c3%a0-bois-207135653042018/" />
<meta property="article:modified_time" content="2018-09-22T16:30:03+00:00" />
<meta property="og:image" content="http://www.b-a-bois.com/wp-content/uploads/2018/09/b-a-bois-charpente-audierne-01.jpg" />
	<meta property="og:image:width" content="1500" />
	<meta property="og:image:height" content="842" />
	<meta property="og:image:type" content="image/jpeg" />
<meta name="twitter:card" content="summary_large_image" />
<script type="application/ld+json" class="yoast-schema-graph">{"@context":"https://schema.org","@graph":[{"@type":"WebPage","@id":"http://www.b-a-bois.com/index.php/portfolio/charpente-bois-a-audierne/","url":"http://www.b-a-bois.com/index.php/portfolio/charpente-bois-a-audierne/","name":"Charpente bois à Audierne - B à bois","isPartOf":{"@id":"http://www.b-a-bois.com/#website"},"datePublished":"2018-09-09T19:43:28+00:00","dateModified":"2018-09-22T16:30:03+00:00","breadcrumb":{"@id":"http://www.b-a-bois.com/index.php/portfolio/charpente-bois-a-audierne/#breadcrumb"},"inLanguage":"fr-FR","potentialAction":[{"@type":"ReadAction","target":["http://www.b-a-bois.com/index.php/portfolio/charpente-bois-a-audierne/"]}]},{"@type":"BreadcrumbList","@id":"http://www.b-a-bois.com/index.php/portfolio/charpente-bois-a-audierne/#breadcrumb","itemListElement":[{"@type":"ListItem","position":1,"name":"Accueil","item":"http://www.b-a-bois.com/"},{"@type":"ListItem","position":2,"name":"Portfolio","item":"http://www.b-a-bois.com/index.php/portfolio/"},{"@type":"ListItem","position":3,"name":"Charpente bois à Audierne"}]},{"@type":"WebSite","@id":"http://www.b-a-bois.com/#website","url":"http://www.b-a-bois.com/","name":"B à bois","description":"Maisons et charpentes bois, Quimper, Finistère","publisher":{"@id":"http://www.b-a-bois.com/#organization"},"potentialAction":[{"@type":"SearchAction","target":{"@type":"EntryPoint","urlTemplate":"http://www.b-a-bois.com/?s={search_term_string}"},"query-input":"required name=search_term_string"}],"inLanguage":"fr-FR"},{"@type":"Organization","@id":"http://www.b-a-bois.com/#organization","name":"B à bois","url":"http://www.b-a-bois.com/","logo":{"@type":"ImageObject","inLanguage":"fr-FR","@id":"http://www.b-a-bois.com/#/schema/logo/image/","url":"http://www.b-a-bois.com/wp-content/uploads/2016/10/logo-b-a-bois-250px.jpg","contentUrl":"http://www.b-a-bois.com/wp-content/uploads/2016/10/logo-b-a-bois-250px.jpg","width":246,"height":120,"caption":"B à bois"},"image":{"@id":"http://www.b-a-bois.com/#/schema/logo/image/"},"sameAs":["https://www.facebook.com/B-à-bois-207135653042018/"]}]}</script>
<!-- / Yoast SEO plugin. -->

Charpente bois à Audierne - B à bois

Charpente bois à Audierne dans le Finistère. RÉNOVATION. Coup de jeune pour cette maison à Audierne. Démolition et remise à neuf des deux planchers d&rsquo;étage, réalisation d&rsquo;un empoutrement apparent avec assemblages en queues d&rsquo;arondes. Création de chevêtres de Velux, réhausse des entraits et renforcement de la charpente. Architecte Laura Palacio Tyerra architectes

B à bois

Maisons et charpentes bois, Quimper, Finistère

https://www.facebook.com/B-à-bois-207135653042018/
