{"id":1253,"date":"2018-09-09T20:35:50","date_gmt":"2018-09-09T19:35:50","guid":{"rendered":"http:\/\/www.b-a-bois.com\/?post_type=portfolio&#038;p=1253"},"modified":"2018-09-11T21:40:41","modified_gmt":"2018-09-11T20:40:41","slug":"terrasse-en-bois-a-saint-guenole","status":"publish","type":"portfolio","link":"http:\/\/www.b-a-bois.com\/index.php\/portfolio\/terrasse-en-bois-a-saint-guenole\/","title":{"rendered":"Terrasse en bois \u00e0 Saint-Gu\u00e9nol\u00e9"},"content":{"rendered":"<h4>Le projet<\/h4>\n<hr \/>\n<p><strong>Terrasse en bois \u00e0 Saint-Gu\u00e9nol\u00e9 dans le Finist\u00e8re.<\/strong><br \/>\nTerrasse en pin douglas sur plots r\u00e9glables.<\/p>\n","protected":false},"excerpt":{"rendered":"<p>Le projet Terrasse en bois \u00e0 Saint-Gu\u00e9nol\u00e9 dans le Finist\u00e8re. Terrasse en pin douglas sur plots r\u00e9glables.<\/p>\n","protected":false},"author":1,"featured_media":1256,"comment_status":"closed","ping_status":"closed","template":"","meta":[],"portfolio_category":[24],"portfolio_tag":[],"acf":[],"yoast_head":"<!-- This site is optimized with the Yoast SEO plugin v20.1 - https:\/\/yoast.com\/wordpress\/plugins\/seo\/ -->\n<title>Terrasse en bois \u00e0 Saint-Gu\u00e9nol\u00e9 - B \u00e0 bois<\/title>\n<meta name=\"robots\" content=\"index, follow, max-snippet:-1, max-image-preview:large, max-video-preview:-1\" \/>\n<link rel=\"canonical\" href=\"https:\/\/www.b-a-bois.com\/index.php\/portfolio\/terrasse-en-bois-a-saint-guenole\/\" \/>\n<meta property=\"og:locale\" content=\"fr_FR\" \/>\n<meta property=\"og:type\" content=\"article\" \/>\n<meta property=\"og:title\" content=\"Terrasse en bois \u00e0 Saint-Gu\u00e9nol\u00e9 - B \u00e0 bois\" \/>\n<meta property=\"og:description\" content=\"Le projet Terrasse en bois \u00e0 Saint-Gu\u00e9nol\u00e9 dans le Finist\u00e8re. Terrasse en pin douglas sur plots r\u00e9glables.\" \/>\n<meta property=\"og:url\" content=\"https:\/\/www.b-a-bois.com\/index.php\/portfolio\/terrasse-en-bois-a-saint-guenole\/\" \/>\n<meta property=\"og:site_name\" content=\"B \u00e0 bois\" \/>\n<meta property=\"article:publisher\" content=\"https:\/\/www.facebook.com\/B-%c3%a0-bois-207135653042018\/\" \/>\n<meta property=\"article:modified_time\" content=\"2018-09-11T20:40:41+00:00\" \/>\n<meta property=\"og:image\" content=\"https:\/\/www.b-a-bois.com\/wp-content\/uploads\/2018\/09\/b-a-bois-terrasse-saint-guenole-03.jpg\" \/>\n\t<meta property=\"og:image:width\" content=\"1500\" \/>\n\t<meta property=\"og:image:height\" content=\"1125\" \/>\n\t<meta property=\"og:image:type\" content=\"image\/jpeg\" \/>\n<meta name=\"twitter:card\" content=\"summary_large_image\" \/>\n<script type=\"application\/ld+json\" class=\"yoast-schema-graph\">{\"@context\":\"https:\/\/schema.org\",\"@graph\":[{\"@type\":\"WebPage\",\"@id\":\"https:\/\/www.b-a-bois.com\/index.php\/portfolio\/terrasse-en-bois-a-saint-guenole\/\",\"url\":\"https:\/\/www.b-a-bois.com\/index.php\/portfolio\/terrasse-en-bois-a-saint-guenole\/\",\"name\":\"Terrasse en bois \u00e0 Saint-Gu\u00e9nol\u00e9 - B \u00e0 bois\",\"isPartOf\":{\"@id\":\"http:\/\/www.b-a-bois.com\/#website\"},\"datePublished\":\"2018-09-09T19:35:50+00:00\",\"dateModified\":\"2018-09-11T20:40:41+00:00\",\"breadcrumb\":{\"@id\":\"https:\/\/www.b-a-bois.com\/index.php\/portfolio\/terrasse-en-bois-a-saint-guenole\/#breadcrumb\"},\"inLanguage\":\"fr-FR\",\"potentialAction\":[{\"@type\":\"ReadAction\",\"target\":[\"https:\/\/www.b-a-bois.com\/index.php\/portfolio\/terrasse-en-bois-a-saint-guenole\/\"]}]},{\"@type\":\"BreadcrumbList\",\"@id\":\"https:\/\/www.b-a-bois.com\/index.php\/portfolio\/terrasse-en-bois-a-saint-guenole\/#breadcrumb\",\"itemListElement\":[{\"@type\":\"ListItem\",\"position\":1,\"name\":\"Accueil\",\"item\":\"http:\/\/www.b-a-bois.com\/\"},{\"@type\":\"ListItem\",\"position\":2,\"name\":\"Portfolio\",\"item\":\"https:\/\/www.b-a-bois.com\/index.php\/portfolio\/\"},{\"@type\":\"ListItem\",\"position\":3,\"name\":\"Terrasse en bois \u00e0 Saint-Gu\u00e9nol\u00e9\"}]},{\"@type\":\"WebSite\",\"@id\":\"http:\/\/www.b-a-bois.com\/#website\",\"url\":\"http:\/\/www.b-a-bois.com\/\",\"name\":\"B \u00e0 bois\",\"description\":\"Maisons et charpentes bois, Quimper, Finist\u00e8re\",\"publisher\":{\"@id\":\"http:\/\/www.b-a-bois.com\/#organization\"},\"potentialAction\":[{\"@type\":\"SearchAction\",\"target\":{\"@type\":\"EntryPoint\",\"urlTemplate\":\"http:\/\/www.b-a-bois.com\/?s={search_term_string}\"},\"query-input\":\"required name=search_term_string\"}],\"inLanguage\":\"fr-FR\"},{\"@type\":\"Organization\",\"@id\":\"http:\/\/www.b-a-bois.com\/#organization\",\"name\":\"B \u00e0 bois\",\"url\":\"http:\/\/www.b-a-bois.com\/\",\"logo\":{\"@type\":\"ImageObject\",\"inLanguage\":\"fr-FR\",\"@id\":\"http:\/\/www.b-a-bois.com\/#\/schema\/logo\/image\/\",\"url\":\"http:\/\/www.b-a-bois.com\/wp-content\/uploads\/2016\/10\/logo-b-a-bois-250px.jpg\",\"contentUrl\":\"http:\/\/www.b-a-bois.com\/wp-content\/uploads\/2016\/10\/logo-b-a-bois-250px.jpg\",\"width\":246,\"height\":120,\"caption\":\"B \u00e0 bois\"},\"image\":{\"@id\":\"http:\/\/www.b-a-bois.com\/#\/schema\/logo\/image\/\"},\"sameAs\":[\"https:\/\/www.facebook.com\/B-\u00e0-bois-207135653042018\/\"]}]}<\/script>\n<!-- \/ Yoast SEO plugin. -->","yoast_head_json":{"title":"Terrasse en bois \u00e0 Saint-Gu\u00e9nol\u00e9 - B \u00e0 bois","robots":{"index":"index","follow":"follow","max-snippet":"max-snippet:-1","max-image-preview":"max-image-preview:large","max-video-preview":"max-video-preview:-1"},"canonical":"https:\/\/www.b-a-bois.com\/index.php\/portfolio\/terrasse-en-bois-a-saint-guenole\/","og_locale":"fr_FR","og_type":"article","og_title":"Terrasse en bois \u00e0 Saint-Gu\u00e9nol\u00e9 - B \u00e0 bois","og_description":"Le projet Terrasse en bois \u00e0 Saint-Gu\u00e9nol\u00e9 dans le Finist\u00e8re. Terrasse en pin douglas sur plots r\u00e9glables.","og_url":"https:\/\/www.b-a-bois.com\/index.php\/portfolio\/terrasse-en-bois-a-saint-guenole\/","og_site_name":"B \u00e0 bois","article_publisher":"https:\/\/www.facebook.com\/B-%c3%a0-bois-207135653042018\/","article_modified_time":"2018-09-11T20:40:41+00:00","og_image":[{"width":1500,"height":1125,"url":"https:\/\/www.b-a-bois.com\/wp-content\/uploads\/2018\/09\/b-a-bois-terrasse-saint-guenole-03.jpg","type":"image\/jpeg"}],"twitter_card":"summary_large_image","schema":{"@context":"https:\/\/schema.org","@graph":[{"@type":"WebPage","@id":"https:\/\/www.b-a-bois.com\/index.php\/portfolio\/terrasse-en-bois-a-saint-guenole\/","url":"https:\/\/www.b-a-bois.com\/index.php\/portfolio\/terrasse-en-bois-a-saint-guenole\/","name":"Terrasse en bois \u00e0 Saint-Gu\u00e9nol\u00e9 - B \u00e0 bois","isPartOf":{"@id":"http:\/\/www.b-a-bois.com\/#website"},"datePublished":"2018-09-09T19:35:50+00:00","dateModified":"2018-09-11T20:40:41+00:00","breadcrumb":{"@id":"https:\/\/www.b-a-bois.com\/index.php\/portfolio\/terrasse-en-bois-a-saint-guenole\/#breadcrumb"},"inLanguage":"fr-FR","potentialAction":[{"@type":"ReadAction","target":["https:\/\/www.b-a-bois.com\/index.php\/portfolio\/terrasse-en-bois-a-saint-guenole\/"]}]},{"@type":"BreadcrumbList","@id":"https:\/\/www.b-a-bois.com\/index.php\/portfolio\/terrasse-en-bois-a-saint-guenole\/#breadcrumb","itemListElement":[{"@type":"ListItem","position":1,"name":"Accueil","item":"http:\/\/www.b-a-bois.com\/"},{"@type":"ListItem","position":2,"name":"Portfolio","item":"https:\/\/www.b-a-bois.com\/index.php\/portfolio\/"},{"@type":"ListItem","position":3,"name":"Terrasse en bois \u00e0 Saint-Gu\u00e9nol\u00e9"}]},{"@type":"WebSite","@id":"http:\/\/www.b-a-bois.com\/#website","url":"http:\/\/www.b-a-bois.com\/","name":"B \u00e0 bois","description":"Maisons et charpentes bois, Quimper, Finist\u00e8re","publisher":{"@id":"http:\/\/www.b-a-bois.com\/#organization"},"potentialAction":[{"@type":"SearchAction","target":{"@type":"EntryPoint","urlTemplate":"http:\/\/www.b-a-bois.com\/?s={search_term_string}"},"query-input":"required name=search_term_string"}],"inLanguage":"fr-FR"},{"@type":"Organization","@id":"http:\/\/www.b-a-bois.com\/#organization","name":"B \u00e0 bois","url":"http:\/\/www.b-a-bois.com\/","logo":{"@type":"ImageObject","inLanguage":"fr-FR","@id":"http:\/\/www.b-a-bois.com\/#\/schema\/logo\/image\/","url":"http:\/\/www.b-a-bois.com\/wp-content\/uploads\/2016\/10\/logo-b-a-bois-250px.jpg","contentUrl":"http:\/\/www.b-a-bois.com\/wp-content\/uploads\/2016\/10\/logo-b-a-bois-250px.jpg","width":246,"height":120,"caption":"B \u00e0 bois"},"image":{"@id":"http:\/\/www.b-a-bois.com\/#\/schema\/logo\/image\/"},"sameAs":["https:\/\/www.facebook.com\/B-\u00e0-bois-207135653042018\/"]}]}},"_links":{"self":[{"href":"http:\/\/www.b-a-bois.com\/index.php\/wp-json\/wp\/v2\/portfolio\/1253"}],"collection":[{"href":"http:\/\/www.b-a-bois.com\/index.php\/wp-json\/wp\/v2\/portfolio"}],"about":[{"href":"http:\/\/www.b-a-bois.com\/index.php\/wp-json\/wp\/v2\/types\/portfolio"}],"author":[{"embeddable":true,"href":"http:\/\/www.b-a-bois.com\/index.php\/wp-json\/wp\/v2\/users\/1"}],"replies":[{"embeddable":true,"href":"http:\/\/www.b-a-bois.com\/index.php\/wp-json\/wp\/v2\/comments?post=1253"}],"version-history":[{"count":2,"href":"http:\/\/www.b-a-bois.com\/index.php\/wp-json\/wp\/v2\/portfolio\/1253\/revisions"}],"predecessor-version":[{"id":1259,"href":"http:\/\/www.b-a-bois.com\/index.php\/wp-json\/wp\/v2\/portfolio\/1253\/revisions\/1259"}],"wp:featuredmedia":[{"embeddable":true,"href":"http:\/\/www.b-a-bois.com\/index.php\/wp-json\/wp\/v2\/media\/1256"}],"wp:attachment":[{"href":"http:\/\/www.b-a-bois.com\/index.php\/wp-json\/wp\/v2\/media?parent=1253"}],"wp:term":[{"taxonomy":"portfolio_category","embeddable":true,"href":"http:\/\/www.b-a-bois.com\/index.php\/wp-json\/wp\/v2\/portfolio_category?post=1253"},{"taxonomy":"portfolio_tag","embeddable":true,"href":"http:\/\/www.b-a-bois.com\/index.php\/wp-json\/wp\/v2\/portfolio_tag?post=1253"}],"curies":[{"name":"wp","href":"https:\/\/api.w.org\/{rel}","templated":true}]}}

Terrasse en bois à Saint-Guénolé

<h4>Le projet</h4>
<hr />
<p><strong>Terrasse en bois à Saint-Guénolé dans le Finistère.</strong><br />
Terrasse en pin douglas sur plots réglables.</p>

<p>Le projet Terrasse en bois à Saint-Guénolé dans le Finistère. Terrasse en pin douglas sur plots réglables.</p>

<!-- This site is optimized with the Yoast SEO plugin v20.1 - https://yoast.com/wordpress/plugins/seo/ -->
<title>Terrasse en bois à Saint-Guénolé - B à bois</title>
<meta name="robots" content="index, follow, max-snippet:-1, max-image-preview:large, max-video-preview:-1" />
<link rel="canonical" href="https://www.b-a-bois.com/index.php/portfolio/terrasse-en-bois-a-saint-guenole/" />
<meta property="og:locale" content="fr_FR" />
<meta property="og:type" content="article" />
<meta property="og:title" content="Terrasse en bois à Saint-Guénolé - B à bois" />
<meta property="og:description" content="Le projet Terrasse en bois à Saint-Guénolé dans le Finistère. Terrasse en pin douglas sur plots réglables." />
<meta property="og:url" content="https://www.b-a-bois.com/index.php/portfolio/terrasse-en-bois-a-saint-guenole/" />
<meta property="og:site_name" content="B à bois" />
<meta property="article:publisher" content="https://www.facebook.com/B-%c3%a0-bois-207135653042018/" />
<meta property="article:modified_time" content="2018-09-11T20:40:41+00:00" />
<meta property="og:image" content="https://www.b-a-bois.com/wp-content/uploads/2018/09/b-a-bois-terrasse-saint-guenole-03.jpg" />
	<meta property="og:image:width" content="1500" />
	<meta property="og:image:height" content="1125" />
	<meta property="og:image:type" content="image/jpeg" />
<meta name="twitter:card" content="summary_large_image" />
<script type="application/ld+json" class="yoast-schema-graph">{"@context":"https://schema.org","@graph":[{"@type":"WebPage","@id":"https://www.b-a-bois.com/index.php/portfolio/terrasse-en-bois-a-saint-guenole/","url":"https://www.b-a-bois.com/index.php/portfolio/terrasse-en-bois-a-saint-guenole/","name":"Terrasse en bois à Saint-Guénolé - B à bois","isPartOf":{"@id":"http://www.b-a-bois.com/#website"},"datePublished":"2018-09-09T19:35:50+00:00","dateModified":"2018-09-11T20:40:41+00:00","breadcrumb":{"@id":"https://www.b-a-bois.com/index.php/portfolio/terrasse-en-bois-a-saint-guenole/#breadcrumb"},"inLanguage":"fr-FR","potentialAction":[{"@type":"ReadAction","target":["https://www.b-a-bois.com/index.php/portfolio/terrasse-en-bois-a-saint-guenole/"]}]},{"@type":"BreadcrumbList","@id":"https://www.b-a-bois.com/index.php/portfolio/terrasse-en-bois-a-saint-guenole/#breadcrumb","itemListElement":[{"@type":"ListItem","position":1,"name":"Accueil","item":"http://www.b-a-bois.com/"},{"@type":"ListItem","position":2,"name":"Portfolio","item":"https://www.b-a-bois.com/index.php/portfolio/"},{"@type":"ListItem","position":3,"name":"Terrasse en bois à Saint-Guénolé"}]},{"@type":"WebSite","@id":"http://www.b-a-bois.com/#website","url":"http://www.b-a-bois.com/","name":"B à bois","description":"Maisons et charpentes bois, Quimper, Finistère","publisher":{"@id":"http://www.b-a-bois.com/#organization"},"potentialAction":[{"@type":"SearchAction","target":{"@type":"EntryPoint","urlTemplate":"http://www.b-a-bois.com/?s={search_term_string}"},"query-input":"required name=search_term_string"}],"inLanguage":"fr-FR"},{"@type":"Organization","@id":"http://www.b-a-bois.com/#organization","name":"B à bois","url":"http://www.b-a-bois.com/","logo":{"@type":"ImageObject","inLanguage":"fr-FR","@id":"http://www.b-a-bois.com/#/schema/logo/image/","url":"http://www.b-a-bois.com/wp-content/uploads/2016/10/logo-b-a-bois-250px.jpg","contentUrl":"http://www.b-a-bois.com/wp-content/uploads/2016/10/logo-b-a-bois-250px.jpg","width":246,"height":120,"caption":"B à bois"},"image":{"@id":"http://www.b-a-bois.com/#/schema/logo/image/"},"sameAs":["https://www.facebook.com/B-à-bois-207135653042018/"]}]}</script>
<!-- / Yoast SEO plugin. -->

Terrasse en bois à Saint-Guénolé - B à bois

Le projet Terrasse en bois à Saint-Guénolé dans le Finistère. Terrasse en pin douglas sur plots réglables.

B à bois

Maisons et charpentes bois, Quimper, Finistère

https://www.facebook.com/B-à-bois-207135653042018/
